ultiple of 46?
True
Is 10955 a multiple of 15?
False
Does 2 divide 7345?
False
Does 65 divide 7605?
True
Does 19 divide 532?
True
Is 20029 a multiple of 191?
False
Is 13 a factor of 401?
False
Is 8 a factor of 1200?
True
Is 5 a factor of 2210?
True
Does 44 divide 2332?
True
Is 2610 a multiple of 58?
True
Does 233 divide 37258?
False
Is 87 a factor of 4437?
True
Does 49 divide 14701?
False
Does 114 divide 7499?
False
Is 22750 a multiple of 65?
True
Is 384 a multiple of 24?
True
Does 8 divide 872?
True
Is 3468 a multiple of 34?
True
Is 372 a multiple of 43?
False
Does 203 divide 17106?
False
Is 53 a factor of 1755?
False
Is 8270 a multiple of 82?
False
Does 126 divide 65922?
False
Is 21 a factor of 2268?
True
Is 69 a multiple of 2?
False
Is 12003 a multiple of 219?
False
Is 9 a factor of 333?
True
Is 1089 a multiple of 13?
False
Does 8 divide 5313?
False
Is 801 a multiple of 17?
False
Does 84 divide 7392?
True
Is 496 a factor of 64976?
True
Is 53091 a multiple of 17?
True
Is 5394 a multiple of 29?
True
Is 16 a factor of 144?
True
Is 56 a factor of 135?
False
Is 135 a factor of 2359?
False
Is 3 a factor of 12525?
True
Is 1909 a multiple of 83?
True
Is 1250 a multiple of 13?
False
Does 19 divide 1786?
True
Is 5 a factor of 550?
True
Is 16349 a multiple of 12?
False
Is 81834 a multiple of 19?
False
Is 493 a multiple of 29?
True
Is 19 a factor of 1987?
False
Is 5 a factor of 1995?
True
Is 9706 a multiple of 12?
False
Is 7 a factor of 787?
False
Does 11 divide 1154?
False
Is 7 a factor of 1272?
False
Is 5 a factor of 215?
True
Is 393 a multiple of 7?
False
Is 48 a factor of 12789?
False
Is 3920 a multiple of 120?
False
Does 17 divide 1035?
False
Does 30 divide 16050?
True
Does 12 divide 13280?
False
Does 6 divide 39936?
True
Is 21 a factor of 7685?
False
Is 9 a factor of 77922?
True
Does 15 divide 555?
True
Is 7 a factor of 3152?
False
Is 13 a factor of 60177?
True
Is 2231 a multiple of 23?
True
Is 14 a factor of 7140?
True
Does 18 divide 864?
True
Is 9360 a multiple of 180?
True
Is 2843 a multiple of 16?
False
Is 3795 a multiple of 33?
True
Does 31 divide 155?
True
Is 513 a multiple of 57?
True
Is 6 a factor of 104?
False
Does 14 divide 10277?
False
Is 1989 a multiple of 117?
True
Is 37 a factor of 111000?
True
Does 86 divide 1290?
True
Does 10 divide 40?
True
Is 19584 a multiple of 96?
True
Is 12292 a multiple of 28?
True
Does 12 divide 47910?
False
Is 20184 a multiple of 70?
False
Is 505 a multiple of 33?
False
Is 36 a factor of 1872?
True
Is 14 a factor of 40460?
True
Does 16 divide 9028?
False
Is 17 a factor of 4777?
True
Is 2336 a multiple of 27?
False
Is 28 a factor of 7322?
False
Does 529 divide 42738?
False
Is 1557 a multiple of 13?
False
Is 10 a factor of 3005?
False
Is 15 a factor of 3689?
False
Is 378 a multiple of 21?
True
Is 56826 a multiple of 246?
True
Is 4 a factor of 158?
False
Does 12 divide 768?
True
Does 17 divide 3519?
True
Does 177 divide 3073?
False
Is 57158 a multiple of 24?
False
Does 19 divide 5975?
False
Does 6 divide 606?
True
Is 3 a factor of 53?
False
Is 24 a factor of 2136?
True
Is 32 a factor of 12128?
True
Does 47 divide 1487?
False
Is 1566 a multiple of 29?
True
Is 17 a factor of 119?
True
Is 15 a factor of 6283?
False
Is 27 a factor of 2422?
False
Does 165 divide 3374?
False
Does 11 divide 979?
True
Does 22 divide 10186?
True
Does 159 divide 15582?
True
Is 2618 a multiple of 19?
False
Does 2 divide 580?
True
Does 21 divide 42882?
True
Does 7 divide 13497?
False
Is 225 a multiple of 25?
True
Is 801 a multiple of 6?
False
Is 2 a factor of 30?
True
Is 4 a factor of 161?
False
Does 6 divide 9492?
True
Is 104 a multiple of 5?
False
Does 12 divide 409?
False
Is 2 a factor of 287?
False
Does 185 divide 111366?
False
Does 95 divide 109250?
True
Is 2156 a multiple of 77?
True
Is 623 a multiple of 15?
False
Does 15 divide 1475?
False
Does 155 divide 3988?
False
Is 50 a factor of 91900?
True
Does 130 divide 23841?
False
Is 31 a factor of 693?
False
Does 23 divide 1753?
False
Is 150 even?
True
Is 12 a factor of 25284?
True
Does 13 divide 18044?
True
Is 12032 a multiple of 76?
False
Is 19 a factor of 77672?
True
Is 7560 a multiple of 72?
True
Does 10 divide 3883?
False
Is 4558 a multiple of 81?
False
Does 22 divide 9151?
False
Does 25 divide 57277?
False
Is 42 a factor of 11088?
True
Is 45 a factor of 9691?
False
Does 4 divide 132?
True
Is 52 a factor of 49804?
False
Does 321 divide 117840?
False
Does 4 divide 104?
True
Is 105 a factor of 3116?
False
Is 54 a factor of 918?
True
Does 19 divide 20520?
True
Is 112 a multiple of 4?
True
Is 48 a factor of 2064?
True
Is 24743 a multiple of 52?
False
Is 30767 a multiple of 38?
False
Is 17 a factor of 20672?
True
Is 67776 a multiple of 143?
False
Is 128 a factor of 3584?
True
Is 378 a multiple of 14?
True
Does 132 divide 77748?
True
Does 137 divide 10686?
True
Is 2982 a multiple of 22?
False
Is 18270 a multiple of 21?
True
Is 10 a factor of 5480?
True
Does 69 divide 17909?
False
Does 2 divide 264?
True
Is 32 a factor of 882?
False
Is 18502 a multiple of 58?
True
Is 12 a factor of 1284?
True
Does 10 divide 10890?
True
Is 1320 a multiple of 24?
True
Is 19 a factor of 2641?
True
Is 66 a factor of 20280?
False
Does 8 divide 764?
False
Does 17 divide 14277?
False
Is 57 a factor of 1083?
True
Is 10 a factor of 5191?
False
Is 7 a factor of 2548?
True
Is 112 even?
True
Is 16 a factor of 32?
True
Is 22014 a multiple of 6?
True
Is 478 a multiple of 11?
False
Is 29 a factor of 2597?
False
Is 104 a factor of 71901?
False
Is 46 a factor of 828?
True
Does 26 divide 2470?
True
Is 36558 a multiple of 27?
True
Is 25 a factor of 7136?
False
Is 5 a factor of 96?
False
Does 93 divide 8917?
False
Is 210 a factor of 17065?
False
Is 16371 a multiple of 88?
False
Is 34 a factor of 59534?
True
Does 87 divide 1896?
False
Is 8 a factor of 56?
True
Is 5 a factor of 425?
True
Is 14 a factor of 4466?
True
Is 3 a factor of 291?
True
Is 28152 a multiple of 153?
True
Is 9 a factor of 26568?
True
Is 1237 a multiple of 25?
False
Is 6 a factor of 28356?
True
Is 1515 a multiple of 15?
True
Is 392 a multiple of 20?
False
Does 79 divide 46240?
False
Is 57 a factor of 3576?
False
Is 496 a multiple of 31?
True
Does 12 divide 207?
False
Does 50 divide 5944?
False
Is 102 a multiple of 51?
True
Does 44 divide 7348?
True
Is 16 a factor of 2000?
True
Is 25 a factor of 386?
False
Does 7 divide 7019?
False
Is 36 a factor of 15624?
True
Is 275 a factor of 52800?
True
Is 5268 a multiple of 77?
False
Is 70 a factor of 25576?
False
Is 9 a factor of 1152?
True
Does 6 divide 71?
False
Does 33 divide 925?
False
Does 6 divide 8250?
True
Is 42079 a multiple of 10?
False
Does 19 divide 5656?
False
Is 4784 a multiple of 26?
True
Does 34 divide 48076?
True
Is 27 a factor of 778?
False
Does 15 divide 10575?
True
Is 41 a factor of 22468?
True
Does 35 divide 2086?
False
Is 533 a multiple of 41?
True
Is 40200 a multiple of 268?
True
Does 71 divide 9230?
True
Does 6 divide 286?
False
Is 1934 a multiple of 24?
False
Is 5236 a multiple of 28?
True
Is 2277 a multiple of 11?
True
Is 309 a multiple of 12?
False
Does 70 divide 16680?
False
Is 24 a factor of 3216?
True
Is 793 a multiple of 24?
False
Does 8 divide 16242?
False
Is 160 a multiple of 5?
True
Is 30260 a multiple of 20?
True
Is 7 a factor of 126?
True
Is 6 a factor of 23?
False
Does 3 divide 1030?
False
Is 2169 a multiple of 26?
False
Does 45 divide 90?
True
Does 7 divide 3749?
False
Is 12 a factor of 57252?
True
Is 10 a factor of 37230?
True
Does 92 divide 27829?
False
Is 23 a factor of 897?
True
Is 9086 a multiple of 7?
True
Is 18060 a multiple of 140?
True
Does 11 divide 21494?
True
Is 8 a factor of 4388?
False
Is 4654 a multiple of 28?
False
Does 53 divide 1908?
True
Is 5221 a multiple of 23?
True
Is 4 a factor of 286?
False
Is 14 a factor of 8876?
True
Is 2384 a multiple of 16?
True
Is 845 a multiple of 7?
False
Does 42 divide 106932?
True
Does 50 divide 1950?
True
Is 24 a factor of 854?
False
Is 748 a multiple of 70?
False
Is 55110 a multiple of 110?
True
Does 5 divide 38100?
True
Is 13 a factor of 819?
True
Is 13307 a multiple of 156?
False
Is 132 a multiple of 29?
False
Is 11 a factor of 8176?
False
Does 68 divide 1298?
False
Does 23 divide 543?
False
Does 24 divide 74256?
True
Is 1